72
10 + 38 + -13 - (1 + -5 - (19 + -20))
38
What is the value of (-7 + 1 - 9) + (2 + -9 - -8) + -9?
-23
What is -10 - 2 - 0 - ((461 - 471) + (3 - -4))?
-9
What is 63 + -27 + 105 + -19?
122
Evaluate (1 - -30) + 14548 + -14538.
41
Evaluate 91 - (8 - (-5 + 4) - (-20 + 9 + 34)).
105
Evaluate (-30 - -18) + 17 + (-25 - 12 - -15).
-17
What is the value of -34 + (33 - 11 - 3) + 11 + 8?
4
-32 + -35 + (-93 - -105) + (2 - 31)
-84
What is -24 + (-5 + -12 - -9)?
-32
Evaluate (-76 - (52 - 93)) + -3 + -7.
-45
Evaluate (-4 + 2 - 12) + 1321 + -1307.
0
36 + (-25 - -37) + -5 + 0
43
What is the value of 7 - ((2 - 9) + (324 - 279) + -9 + 0)?
-22
What is the value of -49 + (-19 - 7 - -14) + 26 + -6?
-41
What is the value of 174 + -112 + -66 + 7 + (-6 - 1)?
-4
What is the value of 228 + (-18 - 235) + 38 + 1?
14
What is -85 - 6 - (-12 + -31 + 45)?
-93
Calculate (-137 + 139 - (65 + -2)) + 13.
-48
What is the value of -117 + (57 - 63) + 27?
-96
Evaluate -4 + 5 + (4 - ((11 - -7) + -9)).
-4
Calculate -2 + -33 - (25 + -14 - 17 - (-15 - 1)).
-45
What is 1 - 1 - (9 - (1 + 9 + 3))?
4
What is 72 + (-25 - 21) + 29?
55
0 - (-20 + 7 + 30 - (-4 + 18) - -125)
-128
What is the value of -57 - (-39 + 13 + 4)?
-35
What is -90 + (11 + 10 + -16 - 0) - (7 - 10)?
-82
What is the value of 28 + -8 + (-30 - -51)?
41
What is (-9 - (-1 - -18 - 5)) + 2?
-19
What is the value of 43 + (50 - 106) + 43?
30
37 - ((30 - -31) + -11)
-13
What is (-40 - (7 + -41)) + (-4 - -1 - 3)?
-12
Evaluate (-1023 - -929) + (-60 - -6).
-148
What is -48 - (-51 + (15 - -44) - (-1 - -24))?
-33
What is 80 + (-62 - (19 - 43))?
42
What is the value of -68 + -33 + 11 + 23 + 42?
-25
What is the value of -40 + 21 + -68 + 109 + (-2 - 3)?
17
(-56 - -90) + -115 - 23
-104
What is -7 + 12 + (55 - (-15 - -19)) - -7?
63
What is -44 + (54 - 11) + 1 + -1 + 14?
13
63 - (-22 + (131 - 114 - (3 + 1)))
72
111 - 66 - (-7 + 5 - (-18 - (-1 - -1)))
29
What is 6 + -12 - (-21 + 3 + -7 + 2 - 7)?
24
Evaluate -13 + (2 - 13) + 8 + 31.
15
Calculate 1 + 1 + -3 + (2 + 7 - (34 + 54)).
-80
Calculate (16 + -88 + 45 - -36) + -106 + 0 + 0.
-97
Evaluate -8 - (-103 - (35 - 133)).
-3
Calculate (0 - 208) + (-30049 - -30156).
-101
Calculate 28 + (28 + -16 + -8 - 19) + -1 + -104.
-92
Calculate (-9 + 12 - 67) + 5 - (0 + 6 + -11).
-54
Evaluate -2 + 2 + (-5 + -21 - -73) + -2 + -8.
37
What is -117 + (96 - (149 - 70))?
-100
Evaluate 22 + (78 - -74) + -73.
101
18 + (-1 - -25) + (-329 - -350)
63
What is the value of 15 + -18 - (-11 - -4) - -11 - 19?
-4
Evaluate 2 + 2 + -3 + 44 + 4847 + -4853.
39
What is (28 + -8 - 19) + 7 + 4 + 65?
77
(139 - 46) + -17 + -9
67
46 - (-48 - -65) - -18
47
Calculate 485 - 485 - (-72 - 2).
74
Calculate 198 + -197 - (0 - -21 - (3 + (5 - 6))).
-18
Calculate 16 - (22 + 60 + -62).
-4
Calculate -27 + 27 + -11 + (-15 - 4).
-30
(3 + -1 - 3) + -1050 + 1079
28
0 + 1 + -26 + 25 + -5 + 24
19
Evaluate 81 - (110 + 47 + 69).
-145
What is 9 + (7 - (41 + (-7 + 0 - 5)))?
-13
Evaluate 62 - ((6 - 20) + 15 + (-6 - (11 - 24))).
54
Evaluate (-228 - -123) + -34 + 93.
-46
-37 - (14 + -47) - (-88 - (-3 + 1 + 6))
88
Evaluate (-2 - -7 - (84 + -31)) + (3 - -2).
-43
3 + 50 + -50 - 18
-15
(-64 - -17) + (-4 - (-15 + (3 - 3)))
-36
Evaluate 33 + -27 + (-5 - 15) + -14.
-28
What is -26 + 28 + (-18 - -2 - (-11 - -7)) - 41?
-51
Evaluate (-2267 - -2393) + -79 + 0.
47
Evaluate 14 + (0 + 31 + -20 - -7).
32
What is the value of -26 + -5 + 5 + 22 + 33 + -31?
-2
Evaluate -59 + (101 - (35 + 14)).
-7
Calculate -1 - (8 + (9 + -18 - -12) - -34).
-46
-108 + (-104 - (-128 - 57))
-27
Evaluate -15 + 0 + (147 + -4 - -21 - (-34 - -50)).
133
Evaluate -255 - (-62 - 98) - -176.
81
What is the value of 5 + 2 + 47 + 8 + 34 + -40?
56
Calculate (-17 + -2 - -36) + 17 - 12.
22
What is -913 + 871 - (-55 + -1)?
14
Calculate (32 - 41) + (-17 - -9) + -22.
-39
Calculate -36 + (1233 - 1160) + (0 - -3).
40
What is the value of (0 - 0) + 9 + (121 - (181 - 73))?
22
Calculate -48 + -46 + 26 + 12 - -8.
-48
Calculate 8 + (-8 - (-13 + 3 + 4)) + 72 + -4.
74
What is 44 + (-41 + (45 - -13) - 4)?
57
What is the value of 153 + -198 + (32 - -3) - (0 + -2)?
-8
What is the value of 358 - 408 - (4 + -1 - 24)?
-29
Calculate (-653 - -666) + (4 - (-67 + 5)).
79
What is the value of -19 + 2 - ((0 - (13 - 0)) + 4)?
-8
What is -10 - (15 - 8) - -24 - (4 - 5 - -49)?
-41
What is -35 + -56 + 13 + 11 + 50?
-17
What is 125 - 64 - (25 - 22)?
58
53 + -1 + (2724 - 2742)
34
-34 - (8 + -76 + 11)
23
What is (-115 + 19 - -89) + 2 + 18?
13
Calculate (-64 - 141) + 87 - -101.
-17
Evaluate -41 + -2 - (-807 - -806).
-42
10 + (-4 - (11 - (-21 + 13)) - (3 - 1))
-15
-8 + -27 - (12 - 16)
-31
Calculate -9 + 3 + 5 + -6 + 18 - -3.
14
What is the value of 87 + -38 + -84 + 53?
18
What is the value of 38 - (3 - (-31 - -27 - (2 + -15)))?
44
What is (-59 - 6 - 85) + (25 - (-8 - -15))?
-132
What is 79 + 0 + (5 + 8 - -4) + 135 + -147?
84
What is the value of 13 + 84 + -64 - 86?
-53
Evaluate -118 - (-51 + 28 - (-11 + -33)) - 7.
-146
Evaluate -80 + (2 - 5) + 1 - (-1211 + 1205).
-76
What is the value of (-47 - -19) + 15 + (0 - -9) - 99?
-103
What is 22 + (-11 - 3) + 6 + -10 + 115?
119
What is (109 - 23) + -21 + -36?
29
What is the value of 12 - 57 - (6 + (15 - 15))?
-51
Evaluate -3 - -78 - ((45 - 27) + 1) - -19.
75
Calculate -6 + 0 + -61 + (54 - -65).
52
What is the value of 45 + -100 + (36 - 15 - -2)?
-32
Evaluate (1 - (0 + 103) - (177 - 181)) + 5 - 11.
-104
What is (-92 - -9) + 114 + -1?
30
(-48 - (7 - 18)) + (2 - 18) - 0
-53
-64 - (43 + -83 - 65)
41
Calculate (26 + -33 + 13 - 8) + -56.
-58
What is the value of 5 + -13 + -46 + 18 + 33 + 53?
50
What is -4 + -26 - (-115 + 73) - (-2 - -115)?
-101
Calculate -24 - (-15 - (-12 - -2 - -5)).
-14
Calculate -2 + 3 + 3 - (53 + -52) - 19.
-16
Evaluate 52 + (59 + -8 - 51 - (-1 + -8)).
61
What is -69 + (74 - (-29 - -79))?
-45
0 + -12 - (-14 - (45 + -54) - (-2 - -121))
112
What is the value of (23 - 1) + -1192 + 1157?
-13
Calculate -160 - (72 - (-52 + 145)).
-139
-3 + (-6 - -4) + (-16 + 5 - 2 - -31)
13
Evaluate 3 + (-16 - 0) + (-6 + -21 - -83).
43
What is (-13 - -28) + -12 - (-2 + 23)?
-18
63 - ((15 - 15) + (0 - 1) + (14 - 7))
57
494 + (259 - 750) - (0 + 1 - 1)
3
Calculate -919 + 913 + 2 + 61 + 6 + -4.
59
Evaluate (-7 - ((-12 - -6) + 1) - 74) + (28 - 33).
-81
What is the value of (-15 - (9 + (-14 - 16))) + -9?
-3
Calculate -13 + (77 - (-49 + 127)).
-14
Calculate 0 + 0 + (3 - 1) + -4598 + 4594.
-2
Calculate 3 + 45 + (-13 - -18) + -1 + -3 - 0.
49
What is the value of (-17 + 1 - (837 + -909)) + -21?
35
11 - (-13 - (2 + -5 - 11)) - 29
-19
(2247 - 2193) + (-1 - 13)
40
2 + 1 + 0 + -2 + 22 + 1212 + -1205
30
What is the value of -11 + (-29 + (20 - 35) - (14 - 6))?
-63
Calculate 0 + 91 - 61 - 59.
-29
(-13 + 13 + -7 + 16 - 10) + 34 + 2
35
19 - 1 - (-116 + 42) - (-10 + 1 + 2)
99
Evaluate (1 - -4) + -200 + 458 + -283.
-20
Evaluate 34 + 8 + -27 + -19 + -7.
-11
What is -6 + (0 - 9) - (502 - 493)?
-24
Calculate 116 + -213 + (-93 - -124).
-66
Evaluate (0 + 3 - 39) + 19 + 99.
82
Calculate (32 - 84) + 8 + 29 + 1.
-14
-60 - -41 - 16 - -89
54
Calculate -104 - -131 - (1 - -70).
-44
(61 + -56 + 46 - 51) + -1 + (0 - 43)
-44
What is 8 + -2 + -12 - (25 + -30 - (0 + -4))?
-5
Evaluate -130 + (23 - -27) + 39.
-41
What is 114 - ((39 - 2 - 37) + 19)?
95
29 - 1 - ((-198 - -109) + 59)
58
Calculate 106 + -170 - (-16 + (-7 - -16)).
-57
Calculate (-7 - (36 - 53)) + (0 - 18) - (3 + 73).
-84
What is the value of (2 + -4 - -1) + (939 - 867)?
71
Evaluate (-195 - -21) + (175 - 92).
-91
Evaluate -793 + 796 + (-6 - (2 - 4)).
-1
Calculate -14 - -63 - (12 - (-2 - 4) - -5).
26
What is (11 - -64 - 83) + 55?
47
22 + -10 - 3 - (6 - -2) - -39
40
What is 6 + -10 + -13 + (7 - -1 - (49 + -56))?
-2
74 - (5 + -17 - (-16 - -1)) - 6
65
What is the value of -29 + (50 - -20) + -38?
3
What is -9 - (6 + 1 + 15 - (0 + 10))?
-21
-22 + 46 + -13 + -19 + (0 - (-2 - -25))
-31
Evaluate -52 + 78 + -33 + 3 - 10.
-14
(50 - -105 - 89) + -82
-16
-147 - -142 - (15 - -40)
-60
(-1 - 10 - -5) + 33 + (26 - 36)
17
-72 + -9 - (-190 - -154)
-45
Evaluate 37 + -2 + 65 + -66.
34
Calculate (81 + -30 - 27) + (0 - 119).
-95
Evaluate -17 + 1 + (-113 - -147) + -3.
15
-22 - (-4 + -2 - -19 - 84)
49
What is 31 + -4 + ((49 - 51) + (-3 - -5) - 5)?
22
Calculate (-353 - -351) + (3 - (-86 + 0 - (17 - 12))).
92
What i